{"id":17,"date":"2015-09-11T20:13:28","date_gmt":"2015-09-11T20:13:28","guid":{"rendered":"http:\/\/localhost\/wordpress\/?page_id=17"},"modified":"2025-11-24T21:25:16","modified_gmt":"2025-11-24T21:25:16","slug":"aktuelles-termine","status":"publish","type":"page","link":"https:\/\/www.foerderverein-freibad-hollfeld.de\/?page_id=17","title":{"rendered":"Aktuelles \/ Termine"},"content":{"rendered":"\n<ul>\n<li>\n<li>\n\t<h1 style=\"text-align: center;\">2025<\/h1> \n<\/li>\n\n<li>\n\t<h2>\n\t\t<u><strong>20. November 2025:<\/strong> Jahreshauptversammlung <\/u>\n\t<\/h2>\n\t\t\t<div>Die Jahreshauptversammlung des F\u00f6rderverein Freibad Hollfeld fand am 20. November 2025 um 19:30 Uhr im Bistro des Kintopp Hollfeld statt. <br><a rel=\"noopener noreferrer\" href=\"https:\/\/www.foerderverein-freibad-hollfeld.de\/wp-content\/uploads\/2025\/11\/Bericht_Jahreshauptversammlung_Foerderverein_Freibad_2025.pdf\" target=\"_blank\">Hier<\/a> finden Sie den Bericht.\n<\/div>\n\t<\/li>\n<li>\n\t<h2>\n\t\t<u><strong>06. September 2025:<\/strong> Ausflug nach Bamberg<\/u>\n\t<\/h2>\n\t\t\t<div>Unser diesj\u00e4hriger Vereinsausflug f\u00fchrt uns nach Bamberg. <br>Details und Anmeldung finden Sie hier:<br>\n<ul>\n<li class=\"list-item-circle\">\n  <a target=\"_blank\" href=\"https:\/\/www.foerderverein-freibad-hollfeld.de\/wp-content\/uploads\/2025\/08\/2025_Ausschreibung.pdf\" rel=\"noopener\">Ausschreibung<\/a>\n<\/li>\n<li class=\"list-item-circle\">\n  <a target=\"_blank\" href=\"https:\/\/www.foerderverein-freibad-hollfeld.de\/wp-content\/uploads\/2025\/08\/2025_Anmeldeformular_A5.pdf\" rel=\"noopener\">Anmeldung<\/a>\n<\/li>\n<li class=\"list-item-circle\">\n  <a target=\"_blank\" href=\"https:\/\/www.foerderverein-freibad-hollfeld.de\/wp-content\/uploads\/2025\/08\/2025_Gruppenanmeldung.xlsx\" rel=\"noopener\">Gruppenanmeldung<\/a>\n<\/li>\n<\/div>\n<\/li>\n<li>\n\t<h2>\n\t\t<u><strong>08. August 2025:<\/strong> Familiennachmittag im H<sub>2<\/sub>O<\/u>\n\t<\/h2>\n\t\t\t<div>Unser F\u00f6rderverein wird 10 Jahre alt. Das m\u00f6chten wir mit euch gemeinsam im Rahmen eines Familiennachmittags mit viel Spa\u00df und guter Laune feiern. Ab 14:00Uhr halten wir verschiedene Spielstationen f\u00fcr die Kinder, sowie Kaffee und Kuchen f\u00fcr alle anderen bereit. <br> Der Eintritt ist ab 14:00 Uhr frei. <a target=\"_blank\" href=\"https:\/\/www.foerderverein-freibad-hollfeld.de\/wp-content\/uploads\/2025\/08\/20250808_Familiennachmittag.jpeg\" class=\"wp-image-600\" rel=\"noopener\"><img decoding=\"async\" src=\"https:\/\/www.foerderverein-freibad-hollfeld.de\/wp-content\/uploads\/2025\/08\/20250808_Familiennachmittag.jpeg\" alt=\"Flyer Familiennachmittag\"\/><\/a>\n<\/div>\n<\/li>\n<li>\n\t<h1 style=\"text-align: center;\">2024<\/h1> \n<\/li>\n\n<li>\n\t<h2>\n\t\t<u><strong>14. September 2024:<\/strong> Ausflug nach Bad Kissingen<\/u>\n\t<\/h2>\n\t\t\t<div>Unser diesj\u00e4hriger Vereinsausflug f\u00fchrt uns nach Bad Kissingen. <br>Details und Anmeldung finden Sie <a target=\"_blank\" href=\"https:\/\/www.foerderverein-freibad-hollfeld.de\/wp-content\/uploads\/2024\/08\/2024_Anmeldeformular_A5.pdf\" rel=\"noopener\">hier<\/a>\n<\/div>\n\t<\/li>\n\n<li>\n\t<h2>\n\t\t<u><strong>31. Mai 2024:<\/strong> Saisonstart im H<sub>2<\/sub>O<\/u>\n\t<\/h2>\n\t\t\t<div>Dieses Jahr beginnt die Freibadsaison im H<sub>2<\/sub>O vorraussichtlich am 31.05.2024 \n<\/div>\n\t<\/li>\n<li>\n\t<h1 style=\"text-align: center;\">2023<\/h1> \n<\/li>\n<li>\n\t<h2>\n\t\t<u><strong>16. September 2023:<\/strong> Ausflug nach W\u00fcrzburg <\/u>\n\t<\/h2>\n\t\t\t<div>Unser diesj\u00e4hriger Vereinsausflug f\u00fchrt uns in die Weinstadt W\u00fcrzburg.<br>Details und Anmeldung finden Sie <a target=\"_blank\" href=\"https:\/\/www.foerderverein-freibad-hollfeld.de\/wp-content\/uploads\/2023\/08\/2023_Anmeldeformular_A5.pdf\" rel=\"noopener\">hier<\/a>\n<\/div>\n\t<\/li>\n\n<li>\n\t<h2>\n\t\t<u><strong>05. Mai 2023:<\/strong> Jahreshauptversammlung <\/u>\n\t<\/h2>\n\t\t\t<div>Die Jahreshauptversammlung des F\u00f6rderverein Freibad Hollfeld fand am 5. Mai 2023 um 19:00 Uhr in der Pizzeria bei Carlo statt. <br><a rel=\"noopener noreferrer\" href=\"https:\/\/www.foerderverein-freibad-hollfeld.de\/wp-content\/uploads\/2023\/05\/Bericht_Jahreshauptversammlung_Foerderverein_Freibad_2023.pdf\" target=\"_blank\">Hier<\/a> finden Sie den Bericht.\n<\/div>\n\t<\/li>\n<li>\n\t\t<h1 style=\"text-align: center;\">2022<\/h1> \n\t<\/li>\n\t<li> \n\t\t<h2><u><strong>06. August 2022:<\/strong> 3. Weinabend<\/u><\/h2>\n\t\t<div>Am 06. August findet bei gutem Wetter der 3. Weinabend im Freibad statt. Wir freuen uns auf Ihren Besuch!<br>\n\t\t\t<figure>\n\t\t\t\t<figure><a href=\"https:\/\/www.foerderverein-freibad-hollfeld.de\/wp-content\/uploads\/2022\/08\/Weinsabend_2022.jpeg\"><img loading=\"lazy\" decoding=\"async\" width=\"246\" height=\"300\" class=\"alignnone wp-image-334 size-medium\" src=\"https:\/\/www.foerderverein-freibad-hollfeld.de\/wp-content\/uploads\/2022\/08\/Weinsabend_2022.jpeg\" target=\"blank\" alt=\"\"><\/a>\n\t\t\t\t<\/figure>\n\t\t\t<\/figure>\n\t\t<\/div>\n\t<\/li>\n<li>\n\t<h2>\n\t\t<u><strong>06. Mai 2022:<\/strong> Jahreshauptversammlung <\/u>\n\t<\/h2>\n\t\t\t<div>Die Jahreshauptversammlung des F\u00f6rderverein Freibad Hollfeld fand am 6. Mai 2022 um 19:00 Uhr in der Stadthalle Hollfeld statt. <br>a rel=&#8220;noopener noreferrer&#8220; href=&#8220;https:\/\/www.foerderverein-freibad-hollfeld.de\/wp-content\/uploads\/2022\/05\/Bericht_Jahreshauptversammlung_Foerderverein_Freibad_2022.pdf&#8220; target=&#8220;_blank&#8220;>Hier<\/a> finden Sie den Bericht.\n<\/div>\n\t<\/li>\n<li>\n<h2>\n<u><strong> April\/Mai 2022:<\/strong> Kaffee und Kuchen im Freibad<\/u><\/h2>\n<div>Wir freuen uns Ihnen die Wartezeit bis zur \u00d6ffnung des Freibads verk\u00fcrzen und die Sonntage vers\u00fc\u00dfen zu d\u00fcrfen. In Zusammenarbeit mit einigen Hollfelder Vereinen bieten wir Ihnen an ausgew\u00e4hlten Sonntagen ein Kaffee und Kuchen zum Verzehr auf der Freibadterrasse oder zu Hause an. <br><a href=\"https:\/\/www.foerderverein-freibad-hollfeld.de\/?page_id=485\" data-type=\"post\" data-id=\"475\">Weitere Informationen finden Sie hier<\/a><\/div>\n\n\t<\/li><li>\n\t\t<h1 style=\"text-align: center;\">2021<\/h1>\n\t<\/li>\n<li> <h2><u><strong>20. August 2021:<\/strong> Jahreshauptversammlung<\/u><\/h2>\n\t\t<div>Die Jahreshauptversammlung des F\u00f6rderverein Freibad Hollfeld fand am 20. August 2021 um 19:00 Uhr in der Gastst\u00e4tte zum Gerber statt.<br>\n\t\t\t<br>Der gew\u00e4hlte Vorstand:<br>\n\n1. Vorsitzender: Martin Laaser<br>\n2. Vorsitzender: Tobias Ott<br>\nSchatzmeisterin: Gerlinde Ziermann<br>\nSchriftf\u00fchrerin: Angelika Tzschoppe<br>\nBeisitzer: Silvia Fritsch, Christina Kerschbaumer, Michael Pohl<br>\n\n\t\t\n\n<a rel=\"noopener noreferrer\" href=\"https:\/\/www.foerderverein-freibad-hollfeld.de\/wp-content\/uploads\/2021\/09\/Bericht_Jahreshauptversammlung_Foerderverein_Freibad_2021.pdf\" target=\"_blank\">Hier<\/a> finden Sie das Protokoll.\n\t\t<\/div>\n\t<\/li>\n\t<li>\n\t<h2>\n\t\t<u><strong>Nachruf Aloisia Brandl<\/strong> <\/u>\n\t<\/h2>\n\t\t\t<div>Bereits von der ersten Stunde an stand Aloisia Brandl dem F\u00f6rderverein als Schatzmeisterin stets mit Rat und Tat zur Seite.<br>Die Versammlungen und Veranstaltungen bereicherte sie nicht nur mit ihrer fachlichen Kenntnis, sondern auch mit ihrer frohen Art.<br>Besonders im Ged\u00e4chtnis sind die gemeinsamen Kaffee&amp;Kuchenverk\u00e4ufe bei der <strong>ADAC Rallye Fr\u00e4nkischen Schweiz<\/strong> und unser <strong>Weinfest<\/strong> geblieben.\n\t\t<br>Aloisia hinterl\u00e4sst nicht nur in unserem  Verein eine gro\u00dfe L\u00fccke, sondern in unser aller Herzen. \n<figure><figure><img loading=\"lazy\" decoding=\"async\" width=\"212\" height=\"300\" class=\"size-medium wp-image-220\" src=\"https:\/\/www.foerderverein-freibad-hollfeld.de\/wp-content\/uploads\/2021\/08\/BrandlAloisia_T.png\" alt=\"\"><\/figure><\/figure>\n\t\t\t<\/div>\n\t<\/li>\n\n\n\n\t<li>\n\t<h2>\n\t\t<u><strong>20. August 2021:<\/strong> Jahreshauptversammlung <\/u>\n\t<\/h2>\n\t\t\t<div>Die Jahreshauptversammlung des F\u00f6rderverein Freibad Hollfeld findet am <strong>20. August 2021<\/strong> um <strong>19:00 Uhr<\/strong> in der <strong>Gastst\u00e4tte zum Gerber<\/strong> statt.<br>\n\t\t\t\t<strong>Tagesordnung<\/strong><br>\n\t\t\t\t\n\t\t\t\t\t<ol>\n\t\t\t\t\t\t<li>Begr\u00fc\u00dfung<\/li>\n\t\t\t\t\t\t<li>Bericht des 1. Vorsitzenden<\/li>\n\t\t\t\t\t\t<li>Bericht des Schatzmeisters<\/li>\n\t\t\t\t\t\t<li>Bericht der Kassenpr\u00fcfer<\/li>\n\t\t\t\t\t\t<li><s>Entlastung der Vorstandschaft<\/s><\/li>\n\t\t\t\t\t\t<li>Bildung eines Wahlausschusses<\/li>\n\t\t\t\t\t\t<li>Wahl der Vorstandschaft<\/li>\n\t\t\t\t\t\t<li>Wahl der Kassenpr\u00fcfer<\/li>\n\t\t\t\t\t\t<li>Sonstiges \/ W\u00fcnsche \/ Anregungen<\/li>\n\t\t\t\t\t<\/ol>\n\t\t\t\t\n\t\t\t\t<p>Um zahlreiches Erscheinen wird gebeten.<\/p>\n\t\t\t\t<br>Die g\u00fcltigen Corona-Ma\u00dfnahmen sind einzuhalten\n\t\t\t<\/div>\n\t<\/li>\n\n<li>\n<a href=\"https:\/\/www.foerderverein-freibad-hollfeld.de\/?page_id=340\" target=\"_blank\" rel=\"noopener\">hier<\/aA\n<\/li>\n<\/ul>\n\n\n\n<p><\/p>\n","protected":false},"excerpt":{"rendered":"<p>2025 20. November 2025: Jahreshauptversammlung Die Jahreshauptversammlung des F\u00f6rderverein Freibad Hollfeld fand am 20. November 2025 um 19:30 Uhr im Bistro des Kintopp Hollfeld statt. Hier finden Sie den Bericht. 06. September 2025: Ausflug nach Bamberg Unser diesj\u00e4hriger Vereinsausflug f\u00fchrt uns nach Bamberg. Details und Anmeldung finden Sie hier: Ausschreibung Anmeldung Gruppenanmeldung 08. August 2025: [&hellip;]<\/p>\n","protected":false},"author":1,"featured_media":0,"parent":0,"menu_order":0,"comment_status":"closed","ping_status":"closed","template":"","meta":{"footnotes":""},"class_list":["post-17","page","type-page","status-publish","hentry"],"_links":{"self":[{"href":"https:\/\/www.foerderverein-freibad-hollfeld.de\/index.php?rest_route=\/wp\/v2\/pages\/17","targetHints":{"allow":["GET"]}}],"collection":[{"href":"https:\/\/www.foerderverein-freibad-hollfeld.de\/index.php?rest_route=\/wp\/v2\/pages"}],"about":[{"href":"https:\/\/www.foerderverein-freibad-hollfeld.de\/index.php?rest_route=\/wp\/v2\/types\/page"}],"author":[{"embeddable":true,"href":"https:\/\/www.foerderverein-freibad-hollfeld.de\/index.php?rest_route=\/wp\/v2\/users\/1"}],"replies":[{"embeddable":true,"href":"https:\/\/www.foerderverein-freibad-hollfeld.de\/index.php?rest_route=%2Fwp%2Fv2%2Fcomments&post=17"}],"version-history":[{"count":74,"href":"https:\/\/www.foerderverein-freibad-hollfeld.de\/index.php?rest_route=\/wp\/v2\/pages\/17\/revisions"}],"predecessor-version":[{"id":624,"href":"https:\/\/www.foerderverein-freibad-hollfeld.de\/index.php?rest_route=\/wp\/v2\/pages\/17\/revisions\/624"}],"wp:attachment":[{"href":"https:\/\/www.foerderverein-freibad-hollfeld.de\/index.php?rest_route=%2Fwp%2Fv2%2Fmedia&parent=17"}],"curies":[{"name":"wp","href":"https:\/\/api.w.org\/{rel}","templated":true}]}}